rs of 4*6 - (s + -2)?
3, 7
Let d(g) = -g + 6. Let f be d(8). Let t(y) = 3*y + 2. Let q be t(-4). What are the prime factors of 112/10 - f/q?
11
Let i = -6 - -12. List the prime factors of (-15)/2*(-4)/i.
5
Let p = 496 + -326. Suppose 4*f + 2*z = p, -z + 15 = 2*z. What are the prime factors of f?
2, 5
Let c(f) = f + 2. Let j be c(-3). Let x be (10/4)/(j/(-2)). Suppose -5*v + 5 = -x. What are the prime factors of v?
2
Let g = 7 + -2. Suppose -8*r + g = -3*r. What are the prime factors of (-3)/9*(-20 - r)?
7
Let h = 5 + -3. Suppose -b + h*b - 10 = 0. What are the prime factors of b?
2, 5
Suppose -2 = r + 6. Let p = r - -17. What are the prime factors of p?
3
Let s = -54 + 81. List the prime factors of s.
3
Let r(h) = h - 16. Let t be r(19). Suppose -3*d + 3 = -d - j, -5*d + 2*j = -9. Suppose 0 = t*x - d*w - 2 - 13, x - 13 = -3*w. List the prime factors of x.
7
Suppose 2*v - 3*v + 9 = 0. Suppose -v = -u + 5*g, 0 = g - 3*g - 8. Let n = 23 + u. List the prime factors of n.
2, 3
Let g(f) = 5*f + 3. What are the prime factors of g(7)?
2, 19
Let s(y) = -3*y - 7. Suppose -4*k = 3*z - 0*z + 6, 2*k + 18 = -4*z. What are the prime factors of s(z)?
11
Suppose -2*u = -4*u + 16. Let l = 3 - 5. List the prime factors of (-1)/l - (-92)/u.
2, 3
What are the prime factors of (-4 + 0)*1*46/(-4)?
2, 23
Let p(a) = -2*a. Let u be p(-5). Let m = -4 - -6. Suppose -z = -4*v + 29, -v = v - m*z - u. What are the prime factors of v?
2
Let v be (-2)/(-4) - (-42)/(-4). Let t = v + 9. List the prime factors of -3 + t + 18 - 3.
11
Suppose -15 = b - 0*b + 5*m, -b + 5*m = -15. List the prime factors of (b/1)/3 + 23.
23
Suppose 4*f - 40 = -12. Suppose v + 1 = -f. Let g = v - -15. What are the prime factors of g?
7
What are the prime factors of 5/15*-13*-12?
2, 13
Suppose -42 = -5*r + 4*r. List the prime factors of r.
2, 3, 7
Let z be -1*2/3*-6. List the prime factors of ((-52)/8)/((-1)/z).
2, 13
Let k(s) = -7*s. Let q be k(-1). Let t be (0 + 2)*1 - q. Let m = t - -9. What are the prime factors of m?
2
Let q be 1/(1 - (-9)/(-6)). List the prime factors of 88/4*(-1)/q.
11
Let b(g) = g - 3*g + 0*g**2 + 4*g**2 + 6*g. What are the prime factors of b(-3)?
2, 3
What are the prime factors of (-894)/9*(-4 + (-10)/(-4))?
149
Let o(q) = -7*q - 12. What are the prime factors of o(-4)?
2
Let p(o) = 2*o - o**2 + 10*o**2 - 2 + 2. List the prime factors of p(-2).
2
Suppose 6*b - 2*b - 4 = 0. Suppose 1 = -o - b. What are the prime factors of 9/(-6)*8/o?
2, 3
Suppose 0*z + 90 = 6*z. What are the prime factors of z?
3, 5
Suppose 0 = 14*m - 11*m - 156. What are the prime factors of m?
2, 13
Let n(x) = -49*x - 38. What are the prime factors of n(-7)?
5, 61
List the prime factors of 383 - -1 - 5 - -5.
2, 3
Let j(v) = -v**3 + 7*v**2 + 6*v + 4. Let t be j(8). Let a be (-1)/(-2 - 21/t). Suppose -4*p - 5*b = -33, -b = -a*p - p + 63. List the prime factors of p.
2, 3
Suppose -5*z + 0*t + 1545 = -5*t, 0 = z - 2*t - 313. What are the prime factors of z?
5, 61
Let v = 2 - -4. Suppose -5*n + 4 = -v. List the prime factors of n.
2
Let g be (-38)/(-2) + 6 + -4. List the prime factors of 6/g - (-388)/14.
2, 7
Suppose 2*z - 4*z + 162 = 0. List the prime factors of z.
3
Suppose 5*a = -5*v + 100, -90 = -5*a + 6*v - v. What are the prime factors of a?
19
Suppose 4*x + x = -30. Let m(n) = -2*n - 8. List the prime factors of m(x).
2
Let p(s) = s**2 + 2*s + 4 + 6*s - 6 - 4. Let u be p(-9). Suppose -4*g - 3*v = -g - 33, 4*g - u*v = 65. List the prime factors of g.
2, 7
What are the prime factors of (-2)/(-11) - (-722)/22?
3, 11
Suppose -9 = 3*r - 27. What are the prime factors of (-5)/r*14*-3?
5, 7
Let g be (-9)/((-3)/9*1). Let m = g + -16. List the prime factors of m.
11
Suppose 0 = -5*o, -8 = n + n + 3*o. List the prime factors of -2 + (-44)/n + 0.
3
Let s = -38 - -175. List the prime factors of s.
137
Suppose 3*p = 4*p. Suppose -7*z + 5*b + 7 = -3*z, p = -2*z - 2*b + 8. List the prime factors of z.
3
Suppose -14 = -3*a - 2*u + 7, 4*u + 12 = 0. List the prime factors of a.
3
Let z = 8 + -5. Suppose -3*k = -3*c - 15, 0*k = -k + z*c + 9. Suppose k*x - 59 = -26. What are the prime factors of x?
11
What are the prime factors of 514/14 + (-2)/(-7)?
37
Let x = 0 - -54. Let l = 86 - x. Suppose -4*f + 4*d + l = 0, 4*f - 35 = -4*d + 9*d. What are the prime factors of f?
5
Let s = 2 + 3. Suppose c + m = s*m - 4, -4*c = -5*m - 39. What are the prime factors of c?
2
Let r(t) = t**2 - 11*t + 9. Let l = 15 - 2. What are the prime factors of r(l)?
5, 7
Suppose 4*a = -2*t - 1 - 51, 3*a + 2*t + 37 = 0. Let p = a + 30. List the prime factors of p.
3, 5
Let n = 6 + -4. Suppose -5*o - n*g + 263 = 0, 5*o - 198 - 71 = 4*g. Suppose 5*i = z + o, -33 = -3*i + 4*z - 3*z. List the prime factors of i.
2, 5
What are the prime factors of (15/(-10))/((-3)/292)?
2, 73
Let b = -73 - -103. Suppose -a - b = -3*a. What are the prime factors of a?
3, 5
Let w(d) = -d - 5. Suppose -4*h = 31 + 9. List the prime factors of w(h).
5
Let p(q) = -q**3 - 3*q**2 + 2*q - 3. Let d be (-4)/2 - (1 - -1). List the prime factors of p(d).
5
Suppose -2*z + 6*z - 348 = 0. List the prime factors of z.
3, 29
Let d be ((-6)/(-4))/(-3)*0. Suppose d = -3*v - 3, p = 5*v + 9 - 2. Suppose 63 = 4*w + 5*n - 0*n, 0 = -2*w + p*n + 18. List the prime factors of w.
2, 3
Let k be (-2)/8 - (-7)/(-4). List the prime factors of (-128)/(-12) + k/(-6).
11
Let w = 19 - 11. What are the prime factors of w?
2
Let h(b) = -6*b - 2. Let d be h(1). List the prime factors of (d/(-6))/((-4)/(-66)).
2, 11
Suppose -326 + 80 = -3*n. List the prime factors of n.
2, 41
Let c be 6/(-15) - 37/(-5). Suppose 3*i - c*i + 36 = 0. List the prime factors of i.
3
Let m = 8 + -11. Let p be -2 - (6 + m - 29). What are the prime factors of (1/(-2))/((-2)/p)?
2, 3
Let q be (-3 - -5)/(2/6). Let r be (2/q)/((-1)/3). Let y = r - -13. List the prime factors of y.
2, 3
What are the prime factors of (-5)/(5/(-4)) + 107?
3, 37
Let p = -2 + 38. Suppose 0 = -f - 3*f + p. Suppose s - 4*q = f, -2*q - 3*q = -s + 9. List the prime factors of s.
3
Let t(f) = 5*f**2 + 8*f + 3. Let m(l) = 6*l**2 + 9*l + 4. Let x(a) = -3*m(a) + 4*t(a). What are the prime factors of x(-5)?
5
Suppose -3*q - 5*i - 42 = -4*q, 2*q - i = 84. List the prime factors of q.
2, 3, 7
List the prime factors of (-2438)/(-22) + (-14)/(-77).
3, 37
Let w(a) = a**3 - 7*a**2 + 7*a - 3. Let s be w(6). Suppose -5*i - 23 = -s*z, -z = -2*i - 3*i - 11. What are the prime factors of z?
2, 3
Let p = 14 + -9. Suppose 81 = p*q - 54. What are the prime factors of q?
3
Let u(b) = 2*b**3 - 5*b**2 - 5*b + 10. What are the prime factors of u(4)?
2, 19
Let v be ((-2)/(-2))/((-8)/(-16)). Let d = 10 - v. What are the prime factors of d?
2
Let p be (4/(-3))/(1/3). List the prime factors of p/(-3)*6/4.
2
Let u = 19 + -36. Let v = -12 - u. What are the prime factors of v?
5
Let u(m) = -32*m - 3. Let w be u(-2). Let p = w + -42. List the prime factors of p.
19
Let k = -10 - -52. What are the prime factors of k?
2, 3, 7
Suppose -k - 3*k + 56 = 0. Suppose r = 9 + k. What are the prime factors of r?
23
Let m(z) = 3*z + 32. List the prime factors of m(10).
2, 31
Suppose d + g + 5 = -0*g, 16 = -4*g. Let l = 4 - d. Suppose 2*k - 3 = 3, -l*k = 4*b - 23. List the prime factors of b.
2
What are the prime factors of 21/(-84) - 561/(-4)?
2, 5, 7
Suppose 2*q - 5*q = -21. What are the prime factors of 145/q + 2/7?
3, 7
Let h = 0 + 2. Let v(f) = f**3 - 5*f**2 - 3*f + 12. Let r be v(6). Suppose r = h*n + n. List the prime factors of n.
2, 5
Let m(k) be the second derivative of -k**3/6 - 5*k**2/2 - k. Let l be m(-10). Suppose 8 = l*z - 22. What are the prime factors of z?
2, 3
What are the prime factors of 3/(3 + 0) + 3?
2
Suppose 0 = -5*m + 5*j - 10, 2*m + 2*j = -j + 21. Suppose m*h - u - 49 = -15, -57 = -5*h + 2*u. What are the prime factors of h?
11
Let v(f) = -f + 3. Let g be (5/10)/(1/14). Let i be v(g). What are the prime factors of i/1*30/(-24)?
5
Let g(d) = 4*d**2 + 2*d + 1. Suppose 0 = -3*r + 4*r - 2. Let o = r + -3. What are the prime factors of g(o)?
3
Let l(g) = -8*g + 1. Let r be l(1). Let f = -5 - r. Let d = f + 8. List the prime factors of d.
2, 5
Let z(n) be the first derivative of -n**3/3 + 2*n**2 + 3*n + 2. Let o be z(3). Suppose -16 = 2*l - o*l. What are the prime factors of l?
2
Supp